the first derivative of -z**3/3 + z**2/2 + 4*z - 85. Determine q(4).
-8
Suppose 0 = 4*m - 8*m + 12. Let a(k) = 0*k**3 + k - 2*k**2 + 3*k**m - 4*k**3. What is a(-2)?
-2
Let n = -11184 - -11190. Let r(a) = 7*a**2 + 2*a - 9. Let j(z) = -z**3 - z**2. Let b(p) = j(p) + r(p). Determine b(n).
3
Let y(a) = -a**3 - 8*a**2 - 7*a + 5. Let x = -83 + 146. Suppose -15*t - x = -6*t. Determine y(t).
5
Let z(j) be the third derivative of j**5/30 + j**4/12 - j**3/2 + 23*j**2. Suppose 2*s = -0*s + 8. Let q be ((-6)/s)/(6/(-8)). Determine z(q).
9
Let x(g) = -2*g + 1. Suppose 15 + 0 = -5*r. Let y be 6 - (33/9 - r/9). Calculate x(y).
-3
Let n(s) = s - 1 + 0*s**3 + 11*s**3 - 11*s**3 - 21*s**3. Determine n(1).
-21
Let g(t) = t + 10. Let k be g(-6). Suppose 8*p - k - 4 = 0. Let c be p/(-2) + (-3)/6. Let d(s) = -5*s + 1. Calculate d(c).
6
Let y(u) = u**3 - 3*u**2 - 7*u + 16. Let h(c) = -5*c**3 + 25*c**2 + 4. Let m be h(5). Determine y(m).
4
Let m(s) = s**3 + 1. Suppose 3*c = -2*c - 15, 4*r = -c + 1. Let f(y) = 4*y**2 + 2*y + 3. Let n(g) = r*f(g) + m(g). Give n(-4).
-4
Let k(t) = t**3 + 4*t**2 - 5*t + 2. Let y be k(-5). Let f(o) = 3 - o + 10*o + 4*o**2 - 2*o**y - o**2. Calculate f(-8).
-5
Suppose -9*j + 4*j - 2*u = -6, -6 = 2*j - 2*u. Let r(h) = h**3 + h**2 + 68. Determine r(j).
68
Let i(z) be the third derivative of 0*z**5 + 6*z**2 + 1/120*z**6 - 1/6*z**3 + 0*z + 0 + 1/24*z**4. Determine i(0).
-1
Suppose -89 = -6*h - 167. Let x(q) = -q**2 - 13*q + 6. Calculate x(h).
6
Let p be ((-4)/(-3))/((-1 - 0)/3). Let u(g) = g**3 + 3*g**2 - 4*g + 2. Calculate u(p).
2
Let a(z) = z**3 + 6*z**2 + 13*z + 13. Let n be a(-3). Let k(m) = 5*m**3 + m**2 - 2*m + 1. What is k(n)?
5
Let i(k) be the third derivative of k**6/40 + k**5/15 + 2*k**3/3 - 49*k**2. Determine i(-3).
-41
Let g(u) be the second derivative of -u**4/6 + 5*u**3/2 - 25*u**2/2 + 553*u. Determine g(6).
-7
Let x(u) be the second derivative of -1/12*u**4 + 0*u**2 + 0*u**3 + 9/20*u**5 + 0 + 39*u. Give x(1).
8
Let q(g) = -1 + 4 + 6*g - 2*g + g**2. Suppose 5*o = 3*w - 45 + 38, -5*o - 2*w - 37 = 0. Determine q(o).
8
Let o(m) be the third derivative of m**5/60 + m**3/2 - m**2 - 3*m + 58. Suppose l - 4*u = 2*l, -u = 0. Determine o(l).
3
Let b(x) = x**2 - 7. Suppose 5*w - 4*w + 4 = -o, -4*w - 3*o - 12 = 0. Calculate b(w).
-7
Let b(d) = -2*d**2 - 14*d - 8. Let q(y) = y**2 + 7*y + 4. Let s(p) = 2*b(p) + 5*q(p). Suppose 10 = -5*m + 5*a, -m - 4*a = 43 - 26. Calculate s(m).
-6
Let i(x) be the first derivative of x**4/4 + 7*x**3/3 + 7*x**2/2 - x + 13. Give i(-5).
14
Let y(u) = u**3 + 5*u**2 - 9*u - 15. Let t be y(-6). Let g(h) = -h - 2. Let p be g(t). Let a(q) = q**2 + 5*q + 4. What is a(p)?
4
Let k(r) = -39*r**2 - r**2 + 18*r + 7 + r**3 + 14*r**2 + 7*r**2. Calculate k(18).
7
Let o(l) = l**3 + 3*l**2 + 10*l - 3. Let z(d) = -2*d**3 - 7*d**2 - 22*d + 7. Let g(w) = -13*o(w) - 6*z(w). What is g(4)?
-11
Let g(r) be the first derivative of -1/3*r**3 - 10 + 2*r**2 - 3*r. Determine g(4).
-3
Let a(h) = 4*h**3 - 9*h**2 + 10*h - 4. Let k(v) = -2*v**2 + v - 1. Let q(y) = a(y) - 6*k(y). Determine q(-2).
-26
Let h(a) = 7*a + 10. Let u(c) = -22*c - 26. Let o(t) = -8*h(t) - 3*u(t). What is o(2)?
18
Let f(m) = m - 11. Let j be 441/45 - 3/(-15). Suppose j*l - 6*l = 0. What is f(l)?
-11
Let p(l) = l**3 - 21*l**2 - 5. Let r be p(21). Let h(b) = 2*b + 16. What is h(r)?
6
Let w(r) be the first derivative of -r**3 + 7*r**2/2 - 7*r + 49. Determine w(1).
-3
Let r be (3 - -1) + 15 + -23. Let b(n) = n**3 + 5*n**2 + 5*n - 3. Give b(r).
-7
Let f(b) = -5 - 16*b**2 + 25*b**2 - b + 6. Give f(1).
9
Let y(d) = d**2 - d. Let o be y(-1). Let g(c) = c**o + 3 - 4 + 1. Suppose 3*i + 4 = -2*u + i, -3*i = -u + 2. What is g(u)?
1
Let b(x) be the first derivative of -x**4/4 - x**3/3 + x**2/2 - 2*x + 231. What is b(0)?
-2
Let a(r) = -r + 6 - 7*r + 7*r. Calculate a(10).
-4
Let q(f) = 8*f + 0*f - 2*f**2 + 11 + 3*f**2. Suppose 3*r = -3*j - 4 - 2, -18*r + 4*j - 168 = 0. Determine q(r).
11
Let z(g) = 79*g**2 + 7*g. Let s(d) = -36*d**2 - 3*d. Let q(b) = 9*s(b) + 4*z(b). Let u(l) = -l - 1. Let o be u(-2). Determine q(o).
-7
Let m(l) = -l + 1. Let n(c) = 3*c - 4. Let p(o) = 7*m(o) + 2*n(o). Let k be ((-90)/(-8))/(-9)*4. What is p(k)?
4
Let i be (5 - 4) + -3*(-28)/21. Let t(r) = r**2 - 8*r - 2. Calculate t(i).
-17
Let z(o) = -5*o**2 + 2*o - 4. Let x(a) = 6*a**2 - 3*a + 5. Let y(q) = -3*x(q) - 4*z(q). Suppose 36*s + 53 = -19. Give y(s).
7
Let i(v) = -3*v + 36*v**3 - 9*v**2 + 5*v - 35*v**3 - 5. Suppose 9*t = 4*t + 45. Determine i(t).
13
Let l(k) = -5*k - 20. Let b be l(-5). Let x(y) = -5*y + 5*y**3 - 1 + b*y - 4*y - 4*y**3. Determine x(-3).
-16
Let q(o) = -2*o + 5. Let a(h) = -3*h + 6. Let k be (0 - -4)/(5/(-10)). Let t be (k/(-10))/(4/(-20)). Let d(y) = t*a(y) + 5*q(y). Give d(-5).
-9
Let g(c) = -c - 10. Let s = -36 + 48. Suppose n = 1, 2*y - 5*n + 1 = -2*y. Let r be y*-2 + s/(-3). Calculate g(r).
-4
Let d(w) = -67*w**3 + w**2 - 1. Let k = -1004 - -1005. Give d(k).
-67
Let n = -36 - -41. Suppose -u - 2 = -1, n*j + 14 = -4*u. Let z(m) = 2 - 3 - m**3 - 2*m + 3 - 4*m**2. Determine z(j).
-2
Let y(h) be the second derivative of 0 - 1/20*h**5 + 7/12*h**4 + 12*h - 1/2*h**2 + 3/2*h**3. What is y(8)?
7
Let i(g) = g**2 + 4*g + g**3 - 6*g**2 - 2*g**3 - 4 + 2*g**3. Let v(c) = c + 4. Let q be v(0). Determine i(q).
-4
Let l(h) = -h**2 + 4*h - 6. Suppose -51 = 6*p - 171. Let b = 1 + p. Suppose -i + b = 4*c, 2*c - 5*i = 1 + 4. Give l(c).
-11
Let n(j) = 29*j + 43. Let z(w) = 44*w + 60. Let t(h) = 7*n(h) - 5*z(h). Give t(2).
-33
Let i(o) = -10*o + 1. Let d be i(2). Let u = 29 + d. Let z = -7 + u. Let y(a) = -a**3 + 5*a**2 - 3*a - 2. Determine y(z).
7
Let x(b) = b**3 - 3*b**2 + 2*b - 1. Let w be x(2). Let t(p) = 2*p - 16*p + 10*p + 12*p + 12*p. Give t(w).
-20
Let t(w) = 2 - 8*w + 3*w**2 - 7*w**2 + 12*w. Let m(x) = 7*x**2 - 8*x - 4. Let s(y) = 3*m(y) + 5*t(y). Calculate s(4).
-2
Let f(q) = -4*q + 1. Let t be (-3 - -3)/(4/(-2)). Suppose 0 = 5*u - 2*l - 10, -l = 3*u - t*u + 5. Suppose u = 5*w + 2*a + 13, -4*w - 14 + 6 = 4*a. Give f(w).
13
Let a(r) = 2*r**2 + 1 - 8*r**2 + 20*r + 5*r**2 - 12*r. Determine a(6).
13
Let g(t) = -8*t**3 + 11*t**2 - 12*t - 1. Let b(m) = -5*m**3 + 6*m**2 - 6*m. Let h(s) = 5*b(s) - 3*g(s). Calculate h(-4).
-5
Let f(x) be the third derivative of 7*x**4/24 + 29*x**2. Determine f(1).
7
Let z be (4/6)/((-2)/(-15)). Suppose z*v + 3*q + 38 = -q, 3*v + 22 = -2*q. Let w(u) = -u + 8. Give w(v).
14
Let u(n) = 6*n**2 - 1. Let l be u(-1). Suppose 3*i - 7*i = -l*t + 18, -2*t + 4*i = 0. Let x be ((-6)/(-12))/((-1)/t). Let j(a) = -a - 1. Calculate j(x).
2
Let p(i) = 4*i + 1. Let h be (-8)/(-12) - (-4)/3. Let v(r) = 2*r**3 - r**3 - 3 + 1 + r - h - 3*r**2. Let s be v(3). Determine p(s).
-3
Let x(u) = u**2 - u - 1. Let g(w) = -6*w**2 + 12*w. Let v(d) = g(d) + 5*x(d). Calculate v(7).
-5
Let t(l) be the second derivative of l**4/12 - 7*l**3/6 + l**2 - 3*l. Let s = 8 - -3. Suppose -s = -2*y + 1. What is t(y)?
-4
Let b(a) = a**2 - 8*a + 6. Suppose 0 = -13*j + 76 - 24. What is b(j)?
-10
Let i(p) = 11*p**2 - p - 1. Let b(y) = -5*y**2 + y. Let a be (-24)/32*1/(2/24). Let f(j) = a*b(j) - 4*i(j). Calculate f(6).
10
Suppose -5*x + 5*u + 102 = -213, -5*x = 2*u - 280. Let b(t) = 58 + 8*t - t - x. Suppose 6*n - 2*n - 6 = -2*o, -4*o - n - 2 = 0. Calculate b(o).
-7
Suppose 16 = -21*o - 173. Let j(p) = -p**3 - 8*p**2 + 10*p + 1. Determine j(o).
-8
Let b be (-3 - (0 - 3))*(-3)/(-3). Suppose b = -3*k + 10 - 4. Let t(s) = s**3 - s**2 - 2*s. Determine t(k).
0
Let o(f) = f**3 + 3*f**2 + f - 1. Let t(w) = w**3 + 2*w**2 + w - 2. Let a(d) = -4*o(d) + 5*t(d). Calculate a(3).
6
Suppose -7 = -4*w + 5. Let j(k) = 4*k - 3*k**2 + 0*k - w*k + 0*k**2. Let g(z) = z. Let c be g(1). Determine j(c).
-2
Let a(b) be the first derivative of -b**2/2 + b + 6. Let l be (1 - 0)*(4 - -6). Suppose 0 = 5*c + 4*i + l, 3*i + 7 = -4*c - 1. Determine a(c).
3
Let f(j) = j**3 - 11*j**2 + 2*j - 15. Let y = -131 + 142. Calculate f(y).
7
Let u(c) be the third derivative of c**6/120 - 11*c**5/60 + 23*c**4/24 + c**3/6 - 7*c**2 + 38*c. Calculate u(8).
-7
Let m(f) = -f - f - 5*f + 2 + 0. Let x(z) = 4*z - 1. Let w(s) = -3*m(s) - 7*x(s). Give w(-2).
15
Let i(w) = w. Let v be (-7)/14 - (6/(-4))/1. Let z(q) = q - 6. Let g(o) = v*z(o) + 3*i(o). What is g(6)?
18
Let y